uppose -71*f + r - 601 = -75*f, -605 = -4*f - 5*r. What is the greatest common factor of f and 210?
30
Suppose -4*b = 4*b + 24, 5*z = 2*b + 231. Calculate the greatest common divisor of z and 2340.
45
Let a be ((-2480)/992)/(-2*(-1)/(-8)). Let f(k) = k**2 - 6*k + 2. Suppose 2*c = -3*c + 30. Let o be f(c). What is the highest common divisor of o and a?
2
Let u = -5163 - -5275. What is the highest common factor of u and 469?
7
Let j(s) = -37*s - 531. Let l be j(-18). What is the highest common factor of 960 and l?
15
Let l(w) = -w**3 - 2*w**2 + 7*w + 4. Let a be l(-5). Let n = 150742 + -150588. What is the greatest common divisor of n and a?
22
Suppose 8*z - 207 = 97. Suppose 2*r = -3*s + 1036, -6*s = -5*s + 5*r - 367. What is the greatest common factor of s and z?
38
Suppose -4*h - 13887 = -30*h + 2025. Calculate the greatest common factor of h and 136.
68
Suppose -1726 = -2*n + 364 + 374. Let j(z) = -38*z + 1. Let s be j(-2). Calculate the greatest common divisor of n and s.
77
Suppose -3*i = 5*y - 325, -30*y = -3*i - 31*y + 317. Calculate the highest common divisor of 345 and i.
15
Suppose -73 = -q - 3*j + 90, 5*q - 3*j - 797 = 0. Calculate the highest common divisor of q and 2048.
32
Suppose 26926 = 3*a + 2*f, -3*a - 13*f + 15*f = -26918. What is the highest common divisor of a and 14?
14
Suppose -2*p = -10, p + 210 = 3*d - 2*p. Suppose 15125*z = 15407*z - 77550. Calculate the greatest common divisor of d and z.
25
Suppose -2*l + 47 = u - 72, 0 = 3*l + u - 181. What is the greatest common divisor of l and 1674?
62
Suppose 4*p = 8 + 12. Suppose p*h + 2*s = -1690, 2*h = 3*h - 4*s + 360. Let n be 4/34 - 24440/h. What is the highest common divisor of 9 and n?
9
Suppose -63*w = -51*w - 288. Suppose w*h - 3*h - 168 = 0. Let c(v) = 2*v**2 - 4*v. Let j be c(4). Calculate the highest common factor of j and h.
8
Suppose 5*n - 1475 = -4*s, -n - 3*s = -4*s - 286. Let a = -259 + n. Suppose -5*r + 33 = -7. Calculate the greatest common factor of r and a.
8
Suppose -39 + 9 = -3*n. Let y(b) = b**2 - 55*b - 404. Let j be y(62). Calculate the highest common factor of n and j.
10
Let f(l) be the first derivative of 9*l**2/2 - 20*l + 13. Let q be f(4). Let d be q/56 + 66/14. Calculate the highest common divisor of 15 and d.
5
Let g(v) be the second derivative of -1/3*v**3 - 3*v + 7/2*v**2 + 0. Let s be g(-5). What is the greatest common divisor of s and 34?
17
Let a(u) = 4*u - 3. Let b be a(17). Let g be (3/2)/((-123)/(-10660)). Calculate the highest common divisor of b and g.
65
Let m = 5873 - 5813. What is the highest common factor of 750 and m?
30
Let k(n) = n**2 - n + 29. Suppose 5*a = -4*j - 51, 3*a - 5 - 13 = 3*j. Let g be k(j). What is the highest common factor of 17 and g?
17
Let p be (136/6)/(48/144). What is the greatest common divisor of 1088 and p?
68
Suppose 6 - 5 = -v, -2*v = 4*b - 74. Suppose b*w - 23 = 18*w. Calculate the highest common divisor of 253 and w.
23
Suppose 1042 = 23*o + 3595. Let l = o + 155. Calculate the highest common divisor of l and 99.
11
Suppose -2*s + 462 = s. Let u(b) = 4*b**2 + 59*b + 13. Let r be u(-16). Suppose 96*i - 42 = r*i. What is the highest common factor of s and i?
14
Let p = -1681 - -2086. What is the greatest common divisor of 2268 and p?
81
Let b be 356/(-6) + 11/((-33)/2). Let q = 62 + b. Let o be 52/(-2 + 3) + q/1. Calculate the greatest common factor of 36 and o.
18
Let n be -39*(7 + (-130)/15). What is the greatest common factor of 2041 and n?
13
Suppose -269 = 3*v - 8*v + 3*d, 0 = -3*d - 9. Let b = 151 - 146. Let i be (-125 - b)*(2 + -3). Calculate the greatest common divisor of i and v.
26
Let f = -13935 - -13965. Calculate the highest common factor of 3270 and f.
30
Let s(y) = 2*y**2 + 52*y + 158. Let u be s(-25). What is the greatest common divisor of 7020 and u?
108
Let j(p) = -2*p - 32. Let h be j(-21). Suppose h*r - 3*r = 2156. Suppose 2*d + 46 = 2*c, -c + d + d + 18 = 0. Calculate the highest common divisor of c and r.
28
Suppose 0 = 2*r + 4*f - 5*f - 543, -4*f = 3*r - 842. Suppose r + 158 = 24*k. Calculate the greatest common divisor of 12 and k.
6
Suppose 5*r - r + 94 = 3*w, -3*r = w - 14. Suppose 4*o + 154 - 98 = 4*b, 0 = -4*o. Let a = b + w. What is the greatest common factor of a and 5?
5
Let x be ((-144)/10)/(10/(-175))*(-57 + 58). Calculate the greatest common divisor of 342 and x.
18
Let n be ((-27)/36)/((-2)/200). Let k = 175 - n. What is the highest common factor of 10 and k?
10
Suppose -642 = -3*b + 3. What is the greatest common divisor of b and 989?
43
Suppose -5*y = 4*s + 27, 3*s + 29 = -5*y - 0*s. Let t be 16/14 - (-1)/y. Let b be 3 + (t - 0)/((-2)/(-18)). Calculate the highest common divisor of b and 8.
4
Let w(u) = u**3 + 2*u - 6. Suppose -3*f = 6*f - 27. Let c be w(f). Suppose 0 = 6*d - 18*d + 1296. Calculate the highest common factor of c and d.
27
Let v(o) = -o**3 + 3*o**2 + 10*o - 24. Let a be v(-4). Suppose -5*b + 5*j + 315 = -0*j, -5*b = 5*j - 285. What is the greatest common divisor of b and a?
12
Let c(b) = 2*b**2 - 4*b + 6. Let r be c(6). Suppose -a - r + 31 = 0. Let x = 54 - a. What is the highest common divisor of x and 7?
7
Suppose -5*u - 3292 = 8*m - 10*m, 2636 = -4*u + m. Let n be u/8*-4 + -8. What is the highest common divisor of 14 and n?
14
Let s be ((-1365)/10)/3*10. Let o be (3050/s - (-4)/(-26))*-7. What is the highest common divisor of o and 3?
3
Let n = -285 + 288. Suppose -1024 = -15*b + 11*b - n*m, 3*b + m = 763. What is the greatest common factor of b and 23?
23
Suppose -5*z + m + 835 + 243 = 0, -2*z + 468 = -5*m. Calculate the highest common factor of z and 27392.
214
Suppose -30*r + 4*y - 675 = -35*r, 4*r = y + 540. Let v = -12 - -66. What is the highest common factor of r and v?
27
Let s(l) = 10*l**3 + 4*l**2 + 5*l - 7. Let f be s(2). Suppose -3*x + 4*z + f = -445, -4*z = x - 176. Calculate the highest common factor of x and 36.
36
Let m be (-8)/(-24 - -18 - (6 - 160/15)). Let u = 80 - 46. What is the highest common divisor of u and m?
2
Suppose 8*x - 4*p = 5*x + 69, 0 = -3*p - 9. Calculate the greatest common factor of 247 and x.
19
Suppose -2*p - 33 = 4*v - 1493, 5*p + 4*v = 3620. Suppose 3*m + 130 = -5*g + 375, -2*g = 3*m - 242. Calculate the greatest common factor of p and m.
80
Suppose 117*a - 133158 = -35346. Calculate the highest common factor of 304 and a.
76
Suppose 4*l - 216 + 40 = 2*f, -35 = -l - 4*f. Suppose 41*x + 6 = l*x, 2*s = -2*x + 50. What is the greatest common divisor of s and 33?
11
Suppose -11*n - 683 = -3*i - 13*n, 5*n - 677 = -3*i. Let t = i + -213. Calculate the greatest common factor of 112 and t.
16
Let m = 7075 - 7055. What is the highest common divisor of m and 9110?
10
Suppose 7*y - 67 = -25. Suppose -198 = -y*s + 54. Calculate the greatest common divisor of s and 147.
21
Let x be ((-102)/6)/(1/45*(-330)/4158). Calculate the highest common divisor of x and 238.
119
Suppose -m + 15*m - 350 = 0. Suppose -m*g + 22*g = -162. Suppose 0 = -3*h + 67 + 41. Calculate the highest common divisor of h and g.
18
Suppose 34*q + 14529 = 38*q + 5*d, -5*q + 18226 = -3*d. Calculate the greatest common factor of 33 and q.
11
Suppose -6521 - 4789 = s - 11*s. Calculate the highest common divisor of s and 609.
87
Suppose -1113*a + 4284 = -1096*a. Calculate the greatest common divisor of 224 and a.
28
Let d be 466/(-8)*(-11 + -1). Let i = -209 + d. What is the highest common divisor of 10 and i?
10
Let x be (-5 + (-7)/4*(31 - 35))*1. Calculate the highest common factor of 69 and x.
1
Suppose 165*l - 12400 = 125*l. What is the highest common factor of 230 and l?
10
Let p be 120/(-432)*(-45)/50 + 971/4. Calculate the highest common factor of p and 5427.
81
Suppose -4*b + k = -46574, 0*b + 4*k + 104788 = 9*b. Calculate the highest common divisor of 164 and b.
164
Let u(h) = 13*h - 164. Let m be u(10). Let b be (-2)/3 + (-14)/21*m. What is the greatest common factor of b and 22?
22
Let w = -8698 - -10202. What is the highest common factor of 160 and w?
32
Suppose 256 = 42*v - 38*v. Let u = v - 60. What is the highest common factor of 164 and u?
4
Let s(f) = -204*f - 24. Let i be s(-2). Let m be (-28)/35 - i/(-30). What is the highest common factor of 192 and m?
12
Suppose -2*n = 2*w - 6, -5*w = -2*w - 5*n + 15. Suppose w = 5*u - 18 + 13. Let p be